. Suppose -m = -x - 0. Suppose -2*r + 70 = x*f, 4*r + 5*f + 35 = 6*r. Does 15 divide r?
True
Let r(l) be the third derivative of -l**6/120 + 2*l**5/15 - 7*l**4/24 - 2*l**3/3 + l**2. Let t be r(7). Is 18 a factor of 26 - t*2/4?
False
Let k(t) be the first derivative of -3*t - 3 + 2*t**2 - t**3 + 1/4*t**4. Does 9 divide k(3)?
True
Let x(a) = a**2 + 6*a + 5. Does 3 divide x(-6)?
False
Let c = -3 - -5. Suppose -c = -2*q + 6. Suppose -q*m + 22 = -0*x + 2*x, 0 = 2*m + 3*x - 1. Is m a multiple of 5?
False
Let q = 20 - 12. Suppose o = 1, 4*o = 4*n - 0 - q. Is 2 a factor of n?
False
Let g(x) = x**2 - 2. Let u(m) = m**2 + 9*m - 4. Suppose -2*p = -3*f - 38 + 9, -f + 4*p = 13. Let o be u(f). Is 5 a factor of g(o)?
False
Suppose 3*x + b - 162 = 0, 6*x - 2*x + b - 216 = 0. Let o(a) = a**3 + a + 26. Let s be o(0). Let t = x - s. Is 14 a factor of t?
True
Let h(n) = -n**3 + 8*n**2 + 3*n + 8. Does 3 divide h(8)?
False
Let r(i) = -i**2 + 13*i + 16. Is r(13) a multiple of 8?
True
Suppose 897 = 3*w - z + 4*z, -5*w = -4*z - 1513. Suppose 0 = 4*o - w + 73. Is o a multiple of 17?
False
Let n(i) = 5*i - 16. Does 14 divide n(7)?
False
Let d(c) = c - 1. Let o be d(6). Let n be (0 - 1)/(2/(-6)). Suppose 0 = 5*q - 4*t - 35, n*t + o + 9 = 2*q. Does 4 divide q?
False
Let r = -5 - -4. Let b be (-30)/(-8) - r/4. Suppose 26 = 2*v - b. Is 15 a factor of v?
True
Suppose 4*t = -2*d + 17 + 11, -3*d + 4*t = -92. Let j = d + 0. Suppose 2*q - 22 - j = 5*c, 0 = -5*q + c + 92. Does 9 divide q?
True
Let v = 124 + -66. Let i = v + -112. Is 3 a factor of (i/15)/((-4)/10)?
True
Suppose 0 = 3*b + 2*b - 210. Does 7 divide b?
True
Let i = 54 - 30. Does 12 divide i?
True
Let x = -133 - -93. Let i = x + 79. Is i a multiple of 19?
False
Let i = -23 - -56. Suppose 3*t + 4*s = 4*t + 1, -5*t + s = -i. Does 7 divide t?
True
Let l(d) = 3*d**2 + 4*d. Is l(-6) a multiple of 12?
True
Suppose -20 = -3*t + 10. Is t a multiple of 4?
False
Suppose k + 3*k = 100. Let w = 36 - k. Is 4 a factor of w?
False
Suppose 57 = -5*v + 187. Is 26 a factor of v?
True
Suppose -5*l - 107 = -3*c, -2*c - 6*l + 88 = -l. Is c a multiple of 10?
False
Let j(q) = -q**2 + 6*q - 5. Let s be j(6). Let d = s - -9. Is d + 18 - (2 + 0) a multiple of 14?
False
Let l(z) = z**2 + 9*z + 16. Let h be l(-7). Let p be 4/(-14) - 321/(-21). Suppose -h*c - p = -3*c. Is c a multiple of 6?
False
Let l(y) = 2*y - 3*y + 44 - 16 + 9. Is l(0) a multiple of 17?
False
Is (-217)/(-2) + 6/4 a multiple of 27?
False
Let p(o) = -o**2 + 3*o - 2*o + 4*o**3 + 0*o**2. Let h be p(1). Is 30/h*(2 - 0) a multiple of 12?
False
Let h = 11 + -6. Suppose 2*r = -2*o + r + 66, -5*r = h*o - 165. Does 11 divide o?
True
Suppose 5*i = 135 + 60. Is i a multiple of 15?
False
Let l = 51 - -9. Is l a multiple of 15?
True
Suppose -l + 5*h + 35 = -6*l, -2*h = l + 11. Is (-30)/l - 3/3 a multiple of 7?
False
Let k(g) = -g + 5. Let o be k(8). Does 15 divide 31 - -3*o/9?
True
Let g(a) = -a**3 - 16*a**2 - 32*a + 7. Does 35 divide g(-14)?
False
Suppose -5*x = -2*q - q - 729, 0 = -x + 4*q + 139. Does 49 divide x?
True
Suppose -2*j - 2 = -14. Let n = 12 + j. Does 6 divide n?
True
Let n = 36 + -21. Let d = n - 4. Let z = d + -2. Is z a multiple of 3?
True
Is (-1)/(-7) - (-3434)/119 a multiple of 11?
False
Suppose f = -f - 4. Let g(v) = v**3 - 3*v**2 - 2*v + 3. Let a be g(4). Is f/(3 + -1) + a a multiple of 10?
True
Suppose 14 = -4*o - 6. Let b = 12 + o. Is b a multiple of 5?
False
Suppose t - 16 = -t. Let k(l) = 5*l**2 + 3*l + 4. Let q(w) = -14*w**2 - 8*w - 13. Let c(p) = -11*k(p) - 4*q(p). Does 23 divide c(t)?
False
Is 14*14/(-4)*(-9)/21 a multiple of 7?
True
Suppose y - 6*y + 225 = 0. Is y a multiple of 6?
False
Let b(c) be the third derivative of 0 - 1/2*c**3 + 0*c + 2*c**2 - 1/4*c**4 - 1/12*c**5 - 1/120*c**6. Does 3 divide b(-4)?
False
Let u = -7 - -13. Let y = 8 - u. Let c(k) = 7*k**2 - 2*k - 1. Does 9 divide c(y)?
False
Let h = 37 - -2. Does 12 divide h?
False
Let s be ((-3)/5)/((-6)/30). Suppose -4*a = -2*b - 130, -s*a - 5*b + 108 = -10*b. Is a a multiple of 12?
False
Let y(k) = -k**2 - 12*k. Does 14 divide y(-8)?
False
Suppose -3*t + 48 = 3*n, 2*t - 5 = -5*n + 63. Does 3 divide n?
True
Let y(t) = -t**2 + 11*t + 1. Suppose 23 = -2*a + 103. Suppose -2*r + a = 2*r. Does 3 divide y(r)?
False
Is 5 a factor of (12/(-4))/(9/(-30))?
True
Let l = 171 + -96. Suppose l = -10*p + 5*p. Let h = 22 + p. Does 5 divide h?
False
Suppose -3*z - z - 2*s + 256 = 0, -333 = -5*z + 4*s. Is 5 a factor of 178/26 - (-10)/z?
False
Suppose -5*g - 27 = 43. Let d be (-2)/(-2) - -1 - g. Suppose -d - 8 = -2*n. Is 12 a factor of n?
True
Suppose 146 = -5*m + 656. Suppose 4*h - 2*j - m = 0, -5*j - 5 = -h - 2. Is 13 a factor of h?
False
Let i = 7 - -17. Is i a multiple of 3?
True
Suppose x - 6 + 2 = 0. Suppose -4*p - 3*i = -8 - 11, -x*i - 12 = 0. Is 7 a factor of p?
True
Let i(l) = -l**3 + 6*l**2 - 3*l + 2. Let g be i(5). Suppose -184 + g = -4*d. Does 11 divide d?
False
Let x(q) = -q**2 + 3*q - 1. Let d be x(1). Let z be 6/3 - -2 - d. Suppose -4*g - 12 = -4*w, 3*w + w = z*g + 16. Is w a multiple of 4?
False
Let s(u) = -6*u**3 + 7*u - u**2 - 5*u**3 - 8*u. Does 6 divide s(-1)?
False
Suppose -2*j - 3*j + 75 = 0. Is j a multiple of 4?
False
Let x = 5 + 61. Does 22 divide x?
True
Let j(x) = 3*x**3 - 2*x**2 + x - 1. Does 17 divide j(2)?
True
Suppose -4*k + 2*b + 345 = -67, 5*b = -5*k + 515. Does 11 divide k?
False
Suppose 3*x - 2*j = -2*x + 21, -3*j = 2*x + 3. Suppose -4*o + 5*l = -317, x*o - 184 = -4*l + 46. Is 22 a factor of o?
False
Let i(z) = -z**3 + 3*z**2 + 5*z - 4. Let n be ((-14)/6)/(3/9). Let r(x) = x**2 + 8*x + 10. Let b be r(n). Does 11 divide i(b)?
True
Let q(m) = -7*m + 1. Let g(c) = c**2 - 8*c + 1. Let f(b) = 4*g(b) - 5*q(b). Is f(3) a multiple of 22?
True
Let m = 52 + -6. Suppose -4*i + m = -2*i. Let w = i + -1. Does 13 divide w?
False
Suppose -43*p = -40*p - 684. Is p a multiple of 38?
True
Let b(c) = -c**2 + 5*c + 6. Let x be b(6). Suppose 16 = -0*g + g + 5*t, x = -2*t + 2. Does 11 divide g?
True
Let c = -1 + 2. Let j = 5 - c. Suppose -i = j*i - 100. Does 20 divide i?
True
Suppose -2*k + 297 = -h - 0*h, -4*h + 12 = 0. Does 42 divide k?
False
Let q = 62 + 11. Is q a multiple of 19?
False
Suppose -2*a - a + 3 = 0. Let h be a/5 - 5/25. Is 14 a factor of (5 - (h + 3)) + 21?
False
Let t(x) = 4*x - 7. Is t(6) a multiple of 6?
False
Is (1/2)/(1/(-764)*-2) a multiple of 11?
False
Suppose -s + 59 = 27. Is 32 a factor of s?
True
Suppose 120 = -h + 3*h. Suppose 0 = -2*x - x + h. Is 7 a factor of x?
False
Suppose 0 = -w - 3*v + 282, -w + 200 + 88 = 5*v. Is w a multiple of 25?
False
Let y(w) = -19*w**3 + 2*w**2 + 2*w + 1. Is y(-1) a multiple of 5?
True
Suppose -2*n = c + 3*n - 35, 0 = -4*c + n + 56. Let x = c + 15. Is 15 a factor of x?
True
Suppose 3*s = -3*c + 535 - 154, 4*s + 367 = 3*c. Suppose -4*o + c = -19. Is 12 a factor of o?
True
Let k = 47 - 38. Is k a multiple of 9?
True
Suppose 11*b = 468 - 28. Is 8 a factor of b?
True
Suppose -c + 4*j = -2*c - 29, 0 = -c + 4*j + 11. Let b be ((-2)/1)/((-1)/c). Let z = 16 - b. Is 17 a factor of z?
True
Let c(j) = j + 4. Let r be c(-4). Suppose -2*v + 3*x = -2*x - 135, -4*v - 5*x + 225 = r. Let o = v - 40. Is o a multiple of 20?
True
Suppose 3*s + 0*s - 207 = 0. Let p = 125 - s. Suppose -p = -f - 3*f. Is f a multiple of 7?
True
Let u = 5 + 34. Suppose -2*x + 5*x + 3*i - u = 0, 5*x - 3*i = 73. Does 7 divide x?
True
Suppose 3*w = 4*s + 92, 4*s + 34 = -4*w + 194. Is 18 a factor of w?
True
Suppose 0 = -2*v - 2*r - 2*r + 274, 4*r - 16 = 0. Suppose t - 5*t + 12 = 0, 3*m - 2*t = v. Does 26 divide m?
False
Suppose 36 = 10*b - 4*b. Suppose 0 = b*c - 7*c + 3. Is c even?
False
Let j be 346/10 - 6/(-15). Suppose 5*b - 10 = 0, -4*t + j = -2*b + 7. Let i = 21 - t. Is i a multiple of 4?
False
Suppose 0 = 2*m - 7*m - 85. Let d = m - -41. Does 24 divide d?
True
Suppose -204 = -4*r - 2*r. Does 17 divide r?
True
Suppose -g - 4*g + 828 = 4*l, -3*l + 2*g = -598. Is 15 a factor of l?
False
Let l be -3*(-7)/((-63)/(-24)). Is 16 a factor of (-2)/l + (-258)/(-8)?
True
Suppose 0 = t + 4*d - 2 + 3, 2*d - 13 = -5*t. Suppose 4*n + 4*x = 252, 2*x = t*n - 0*x - 184. Is 28 a factor of n?
False
Suppose 2*f + 531 = 5*b, 5*b - 5*f + 95 = 635. Is b a multiple of 15?
True
Suppose -4*x + 124 = 4*b, -5*x + 5*b